st the prime factors of n.
2, 409
What are the prime factors of 42/(-70) - 206649/(-15)?
2, 3, 7, 41
Suppose 0 = -10*l + 26 - 6. Suppose 2*p + 2*m - 706 = 0, -1777 = -5*p + l*m - 4*m. What are the prime factors of p?
3, 7, 17
Let w(n) be the second derivative of -n**5/20 + n**4/2 + 5*n**3/6 - n**2/2 - 12*n. Let r be w(7). Let z = -12 - r. List the prime factors of z.
3
Let j be (40/(-12))/(14/6 + -3). Let h be j/(-1) - (4 + -3). Let b(p) = -p**3 - 6*p**2 - 4*p + 2. List the prime factors of b(h).
2, 13
Let v = -716 + 716. Suppose 5*c = -l + 214 + 6668, c - 5*l - 1366 = v. What are the prime factors of c?
2, 43
Let h = 8268 + -237. What are the prime factors of h?
3, 2677
Let q(g) be the second derivative of -27*g**3/2 - 51*g**2/2 - 25*g - 2. List the prime factors of q(-8).
3, 199
Suppose -11*v + 179391 = 4*h, v - 16479 = 5*h - 160. List the prime factors of v.
47, 347
Suppose -3*a - 114 = -0*g - 2*g, 4*a = -3*g - 152. Let r be 5/20*4 - a/2. Let u(l) = -l**3 + 21*l**2 - 16*l - 32. What are the prime factors of u(r)?
2, 3
Suppose -q - 1 = 3*u, 2*u = -2*q + 7*q + 22. Let f be u/(7/7) + 131 + 0. Suppose -3*z = 30 - f. List the prime factors of z.
2, 17
Let t be (-20)/(-3 - -1) + -2. Let u be (-7246)/(-16) - t/(-64). Suppose 0 = 7*p - 4*p - u. List the prime factors of p.
151
Suppose 3*a - 85*i + 39 = -88*i, -4*a - 16 = -5*i. List the prime factors of (a + 229 - 0)*2.
2, 5, 11
Let a(u) = -2*u**3 + 27*u**2 + 289*u - 249. List the prime factors of a(-33).
3, 30497
What are the prime factors of (-262490)/(-45) + (-2)/18?
19, 307
Let o(u) = 178*u - 1443. What are the prime factors of o(78)?
3, 11, 13, 29
Let n = -62 + 96. Suppose -n = -6*r - 4. Suppose 5*y - 316 = 4*q + 394, q = r*y - 725. List the prime factors of y.
2, 73
Let g = -23702 + 40810. Suppose 22*j - 3352 - g = 0. List the prime factors of j.
2, 3, 5, 31
Let o(v) = -41*v**3 + v**2 - 36*v + 73. Let c be o(2). Let i = -8 - 458. Let w = c - i. List the prime factors of w.
11, 13
Suppose -3*w - 452 = w. Let o = w + 111. What are the prime factors of 336/2 + (-4)/(o + 0)?
2, 5, 17
Let s = -169 - -164. List the prime factors of s/(-4) - (-2 + 12285/(-12)).
13, 79
Suppose 92*r - 323748 = 46*r. List the prime factors of r.
2, 3, 17, 23
Suppose -a = -3*b + 111616, -4*b + 62310 + 86516 = a. What are the prime factors of b?
2, 3, 13, 53
Suppose -273*f = -275*f + 21048. What are the prime factors of f?
2, 3, 877
Let b(h) = -20*h**2 + 4*h - 6. Let i = 35 - 38. Let f(u) = -u + 1. Let s(k) = i*f(k) - b(k). What are the prime factors of s(2)?
3
Let k be (-4)/(-26) - (-30285)/117. Let s = -178 + k. Let y = s - 33. List the prime factors of y.
2, 3
Suppose 2*j + j - 42 = 0. Suppose -2*t - 2*z + 4*z + 2 = 0, -z = 2*t - j. Suppose -64 = -4*r + t*k, 2*r - 4*k = -0*r + 38. List the prime factors of r.
11
Suppose -62*g + 3006 = -53*g. Let n = 514 + g. List the prime factors of n.
2, 53
Let k(s) = 52 - s**2 + 15 + 5*s**2 - 2*s**2 - 2*s. Let g = 94 - 94. What are the prime factors of k(g)?
67
Let m(h) = -2*h**2 + 2*h + 791. Let y = -293 - -293. List the prime factors of m(y).
7, 113
Let h = -9500 - -17892. What are the prime factors of h?
2, 1049
Suppose -a = 6 - 48. Suppose 3*m - a = 3. Let t(y) = -y**2 + 17*y + 26. What are the prime factors of t(m)?
2, 7
Suppose 0 = -i + 2*p + 7, 2*p + 7 = -4*i + 15. Suppose 5*r - 1826 = 4*n - 8*n, -i*r = n - 1097. List the prime factors of r.
2, 3, 61
Suppose 244*x = 299*x - 121330. List the prime factors of x.
2, 1103
Suppose -10*l = l - 33. Suppose -10*h + 2415 = -l*h. What are the prime factors of h?
3, 5, 23
Suppose 54*v = 15126 + 12522. Let l = 1405 - v. What are the prime factors of l?
19, 47
Suppose 48136 = 4*o - f, -5*o + 3*f = 5*f - 60183. What are the prime factors of o?
5, 29, 83
Suppose 4*l - f = 408, f + 89 = l + 4*f. Let c = -10 + l. What are the prime factors of c?
7, 13
Let o(j) = 4*j**2 - 5*j + 6. Suppose -y - 4 + 31 = 3*r, -2*r - 5*y = -18. Let k be r + (-4)/(4 + -3). What are the prime factors of o(k)?
3
Let s = 4829 + -4706. Suppose -84 = 3*i - 252. Let b = s - i. What are the prime factors of b?
67
Suppose h + 217 - 15 = 2*s, -2*h + 106 = s. Let g = s - 53. Suppose 0 = n - g - 14. What are the prime factors of n?
3, 7
Let s(n) = -2*n**3 - 15*n**2 + 9*n + 6. Let m = -52 - -53. Let a(l) = l**3 + l**2 - l. Let v(f) = m*a(f) + s(f). What are the prime factors of v(-15)?
3, 37
Let i = 99 + 434. Let q = 784 - i. What are the prime factors of q?
251
Let r be 1278/24 + 3/(-12). Let h be (-4)/16 - -2*r/8. What are the prime factors of 1064/h - 12/(-78)?
2, 41
What are the prime factors of (-2328)/970 + (-43217)/(-5)?
8641
Let l(r) = 0 + 4 + 0 + 6*r - 2. Let w be (1 + 32)*2/6. What are the prime factors of l(w)?
2, 17
Suppose -51*c + 59*c - 47376 = 0. List the prime factors of c.
2, 3, 7, 47
Let c(y) = 7*y**2 + 100*y - 1906. List the prime factors of c(46).
2, 8753
List the prime factors of -17 + 10 + 5 - (2 - 4390 - 1).
41, 107
Suppose -139*i = 10*i - 257205 - 2806086. What are the prime factors of i?
3, 7, 11, 89
Let z(c) = 94*c - 9. Let h be z(-1). Let l = h + 336. What are the prime factors of l?
233
Let o(q) = q**2 + 104*q + 210. Let j be o(-2). Suppose 3*d = -6 + 15. Suppose d*i - b = -j*b + 117, -2*b = 3*i - 108. What are the prime factors of i?
2, 17
Let q(u) = 77*u**3 - 4*u**2 + 8*u - 3. List the prime factors of q(4).
3, 7, 233
Let a be 4 + ((-1 - -10)/(-3) - -3). Let v be a/(-12) + 2262/9. Suppose 3*n + 5*m - 417 = 0, -3*n = m - 166 - v. What are the prime factors of n?
139
Let j(r) = 6*r + 24. Let y be j(0). What are the prime factors of (-22)/2*(y + -133)?
11, 109
Let o = -3 - -11. Let n(s) = 837 - 1774 + 914 + 8*s. List the prime factors of n(o).
41
Let k(i) = -i**3 + 18*i**2 + i - 13. Let a be k(18). Suppose -y - 2 = 3*m - 3, a*y = 5. Suppose m = -3*v + 213 + 174. What are the prime factors of v?
3, 43
Let k(x) = -3*x**3 - 2*x**2 + 5*x - 5. Let c be k(2). List the prime factors of 12/(-27) - (6 + 12810/c).
2, 3, 13
Suppose -9*c = 2115 - 405. Let k = 77 - c. List the prime factors of k.
3, 89
Let w(u) = 8*u**3 + 10*u**2 - 131*u - 17. What are the prime factors of w(11)?
2, 5, 13
Suppose -5*h - 12 = 7*h. Let a be 8*h/(-2) + 384. Let d = -194 + a. What are the prime factors of d?
2, 97
Let f = 1364 + -1071. List the prime factors of f.
293
Suppose -4*v + z + 6 = -3, 2*v + z = 9. Let q(x) = 28*x**2 + x + 6. What are the prime factors of q(v)?
3, 29
Let m be 1/(-4) + (-232)/(-32). Let o be 4/(-28) - 13/m. What are the prime factors of o/3 + (-718)/(-6)?
7, 17
Let f = 66128 - 36875. List the prime factors of f.
3, 7, 199
Let g(h) = -315*h - 2850. What are the prime factors of g(-58)?
2, 3, 5, 257
Suppose -4*r = 7*k - 11*k - 100, 5*r - k - 145 = 0. Let j(d) = -d**3 + 30*d**2 + 15*d + 6. What are the prime factors of j(r)?
2, 3, 19
Let p be 4745/(-20)*4*3. Let i = p - -4080. What are the prime factors of i?
3, 137
Suppose 3*w + 26237 = 2*h - 2*w, -4 = 4*w. List the prime factors of h.
2, 3, 1093
Let n(m) be the second derivative of m**5/10 - 3*m**3/2 - 20*m**2 + 17*m. Let t(u) be the first derivative of n(u). What are the prime factors of t(-4)?
3, 29
Let h = 93 + -90. Suppose -22*g - h*b - 810 = -25*g, 0 = -g - 3*b + 266. What are the prime factors of g?
269
List the prime factors of 4 - (-2 - 147/(-24)) - 941703/(-56).
2, 1051
Suppose 22643*a - 97614 = 22637*a. What are the prime factors of a?
3, 11, 17, 29
Let h(b) = 67*b + 4583. What are the prime factors of h(-58)?
17, 41
Let i = -96 + 98. Suppose 7*a - 4*a + s - 617 = 0, 0 = -i*a + 5*s + 400. Let z = 373 - a. List the prime factors of z.
2, 3, 7
Suppose -4*u - 183 = -7*k + 2*k, -2*k + 62 = 4*u. Let f = k + -23. What are the prime factors of (-1 + 69/9)*f?
2, 5
Let z(u) be the first derivative of 5*u**2/2 + 26*u - 1362. Let a be (-18)/(0 + -1 + 0). List the prime factors of z(a).
2, 29
List the prime factors of (-264)/(-4 + (-46)/(-12)) + (-70)/(-14).
7, 227
Let l(k) = 5*k + 31. Let o be l(-7). What are the prime factors of 838 + (-28)/(0 + o)?
5, 13
Let m be (-1 - (-2 - (0 + -1)))*1. Suppose 4*q - 2*z - 158 = 0, -3*q - z - 2*z + 141 = m. List the prime factors of (822/(-9))/(4 + q/(-9)).
137
Let g(k) = -k**2 - 10*k - 14. Let s be g(-8). Let h be -2*s*(-9 + 8). List the prime factors of 1156/16 + (-